488?
8
What is the units digit of 3640819827?
7
What is the thousands digit of 18097914?
7
What is the ten millions digit of 521842490?
2
What is the units digit of 683731681?
1
What is the ten millions digit of 77370546?
7
What is the millions digit of 4485573?
4
What is the hundred millions digit of 298827956?
2
What is the hundred thousands digit of 196051448?
0
What is the tens digit of 175089916?
1
What is the thousands digit of 266074030?
4
What is the millions digit of 63648755?
3
What is the hundred thousands digit of 159230967?
2
What is the ten thousands digit of 440586724?
8
What is the ten millions digit of 708362364?
0
What is the ten millions digit of 458658401?
5
What is the ten thousands digit of 573361093?
6
What is the tens digit of 188246296?
9
What is the ten thousands digit of 1141713515?
1
What is the tens digit of 3281535371?
7
What is the units digit of 37560996?
6
What is the hundred thousands digit of 2637255242?
2
What is the thousands digit of 25095808?
5
What is the tens digit of 601797499?
9
What is the ten thousands digit of 1665698505?
9
What is the thousands digit of 3257297876?
7
What is the ten millions digit of 360857910?
6
What is the tens digit of 91491624?
2
What is the hundreds digit of 6153254?
2
What is the hundred thousands digit of 1177193113?
1
What is the hundreds digit of 242435780?
7
What is the thousands digit of 512905185?
5
What is the millions digit of 6180048?
6
What is the units digit of 478833512?
2
What is the hundred thousands digit of 458107230?
1
What is the units digit of 401151029?
9
What is the ten millions digit of 2192267612?
9
What is the units digit of 35316486?
6
What is the units digit of 75969893?
3
What is the ten millions digit of 78229246?
7
What is the hundred thousands digit of 53234562?
2
What is the millions digit of 2127692645?
7
What is the hundred thousands digit of 45470451?
4
What is the ten thousands digit of 118230092?
3
What is the ten thousands digit of 1305061506?
6
What is the hundred millions digit of 340364378?
3
What is the millions digit of 9551530583?
1
What is the millions digit of 59912344?
9
What is the hundred thousands digit of 146257741?
2
What is the units digit of 40965508?
8
What is the ten millions digit of 146450831?
4
What is the hundred thousands digit of 73657896?
6
What is the ten thousands digit of 511497156?
9
What is the hundreds digit of 2579952?
9
What is the units digit of 87806492?
2
What is the hundred thousands digit of 6157915131?
9
What is the hundred thousands digit of 36576024?
5
What is the millions digit of 39738064?
9
What is the thousands digit of 195968555?
8
What is the millions digit of 15729823?
5
What is the thousands digit of 432330292?
0
What is the units digit of 2280917885?
5
What is the millions digit of 93982390?
3
What is the hundreds digit of 2378144022?
0
What is the millions digit of 69684982?
9
What is the ten thousands digit of 45843080?
4
What is the thousands digit of 67917537?
7
What is the ten millions digit of 13160123?
1
What is the thousands digit of 1022481232?
1
What is the ten thousands digit of 7097247?
9
What is the hundreds digit of 284203448?
4
What is the hundreds digit of 6643778618?
6
What is the tens digit of 22359208?
0
What is the thousands digit of 32165128?
5
What is the billions digit of 1007357779?
1
What is the units digit of 961437802?
2
What is the units digit of 112558157?
7
What is the millions digit of 585619775?
5
What is the ten thousands digit of 124707150?
0
What is the ten millions digit of 44983862?
4
What is the units digit of 234993430?
0
What is the ten millions digit of 137516645?
3
What is the hundreds digit of 674516571?
5
What is the tens digit of 3810037736?
3
What is the units digit of 99714130?
0
What is the hundred millions digit of 3379399044?
3
What is the hundreds digit of 22610502?
5
What is the ten thousands digit of 1162585542?
8
What is the ten thousands digit of 2286789?
8
What is the units digit of 1356361480?
0
What is the hundreds digit of 116188571?
5
What is the hundred thousands digit of 3103742687?
7
What is the units digit of 790994588?
8
What is the units digit of 306417858?
8
What is the hundred millions digit of 148155665?
1
What is the millions digit of 19291335?
9
What is the ten millions digit of 161365583?
6
What is the hundred thousands digit of 1027360949?
3
What is the hundreds digit of 3233088397?
3
What is the hundred millions digit of 227973754?
2
What is the hundred millions digit of 173670013?
1
What is the hundred millions digit of 500592400?
5
What is the hundred millions digit of 2785005907?
7
What is the hundred thousands digit of 48067537?
0
What is the ten millions digit of 156922894?
5
What is the ten millions digit of 72691955?
7
What is the hundreds digit of 59857302?
3
What is the ten thousands digit of 1151368625?
6
What is the ten millions digit of 45152948?
4
What is the thousands digit of 161744403?
4
What is the millions digit of 2555055143?
5
What is the tens digit of 57087823?
2
What is the tens digit of 23132966?
6
What is the tens digit of 528377814?
1
What is the tens digit of 676106053?
5
What is the millions digit of 724813501?
4
What is the thousands digit of 1703666780?
6
What is the ten thousands digit of 21203384?
0
What is the thousands digit of 271376156?
6
What is the tens digit of 44324573?
7
What is the billions digit of 2787062117?
2
What is the thousands digit of 4229569817?
9
What is the hundred millions digit of 123634502?
1
What is the hundred thousands digit of 160086074?
0
What is the millions digit of 2838268?
2
What is the units digit of 19466552?
2
What is the millions digit of 25624766?
5
What is the ten millions digit of 2597895674?
9
What is the hundred thousands digit of 45711160?
7
What is the hundred millions digit of 843937473?
8
What is the units digit of 64823463?
3
What is the hundred millions digit of 159231496?
1
What is the tens digit of 126466938?
3
What is the tens digit of 137529389?
8
What is the millions digit of 29101680?
9
What is the millions digit of 32300164?
2
What is the millions digit of 932533456?
2
What is the hundred thousands digit of 58913112?
9
What is the ten thousands digit of 770767691?
6
What is the ten millions digit of 3869883065?
6
What is the hundreds digit of 650601018?
0
What is the units digit of 149831650?
0
What is the hundred thousands digit of 134218854?
2
What is the thousands digit of 47171918?
1
What is the thousands digit of 1693975412?
5
What is the units digit of 54716339?
9
What is the millions digit of 3498433755?
8
What is the hundreds digit of 958464964?
9
What is the tens digit of 241988790?
9
What is the tens digit of 784496454?
5
What is the hundreds digit of 115828289?
2
What is the units digit of 130478761?
1
What is the hundred thousands digit of 1126385262?
3
What is the hundreds digit of 1059402026?
0
What is the millions digit of 16535507?
6
What is the hundred millions digit of 153113995?
1
What is the thousands digit of 25707465?
7
What is the hundreds digit of 30977259?
2
What is the ten millions digit of 33722720?
3
What is the millions digit of 1350116812?
0
What is the tens digit of 35750518?
1
What is the ten millions digit of 33995334?
3
What is the hundreds digit of 401132488?
4
What is the ten millions digit of 15127565?
1
What is the ten millions digit of 1615260496?
1
What is the hundred thousands digit of 410505690?
5
What is the units digit of 1600376002?
2
What is the tens digit of 229094229?
2
What is the ten thousands digit of 1478171660?
7
What is the thousands digit of 1824271428?
1
What is the hundreds digit of 2042537995?
9
What is the hundreds digit of 989684886?
8
What is the units digit of 84564461?
1
What is the units digit of 32849969?
9
What is the thousands digit of 9825389?
5
What is the billions digit of 2734243421?
2
What is the thousands digit of 1811389183?
9
What is the ten millions digit of 399787288?
9
What is the thousands digit of 982882459?
2
What is the ten millions digit of 94005339?
9
What is the millions digit of 1165179026?
5
What is the units digit of 2304500436?
6
What is the hundred thousands digit of 661573468?
5
What is the hundreds digit of 5427287567?
5
What is the ten